.
3, 97
Let o(q) = -277*q + 19. Let g be o(-5). Let l = g - 800. What are the prime factors of l?
2, 151
Let k be 68/(2 + 2) + 8/2. List the prime factors of (-4)/14 + 5361/k + -5.
2, 5
Suppose -12*b + 13*b = 2*a - 4434, 0 = -4*b + 3*a - 17721. What are the prime factors of 3/(-9)*(-9 + b)?
3, 17, 29
Let h = -316 - -328. Suppose 0 = 4*c + 8, c - 4023 = -h*a + 7*a. List the prime factors of a.
5, 7, 23
Let l(y) = -42*y - 37*y + 1 + 81*y + 39*y**2. What are the prime factors of l(2)?
7, 23
Let u be (15/(-27)*-3)/((-1)/(-6)). Suppose 0 = -18*w + u*w - 912. What are the prime factors of 70 - (w/27 + (-2)/(-9))?
2, 37
Suppose 3*o = l + 7*o - 194, -5*l - 3*o + 919 = 0. Let d = -89 + 186. Let y = l - d. List the prime factors of y.
5, 17
Let w(b) = -24*b - 107. Let g be (-15)/((-1 - -2) + 0). List the prime factors of w(g).
11, 23
Let g = 289 - 298. Suppose 6*z = z + 60. List the prime factors of -1*4/z - 327/g.
2, 3
Let v(r) = r**2 + 23*r + 46. Let d be v(-21). Let x be (d/6)/((-28)/(-42)). What are the prime factors of 1430/10 + (3 - x)?
5, 29
List the prime factors of (41712/72)/((-22)/(-99)).
3, 11, 79
Let m = -3009 + 4158. List the prime factors of m.
3, 383
Let o(b) = -517*b - 534. What are the prime factors of o(-21)?
3, 31, 37
Let t = 1454 - -2246. Suppose 0 = -3*x + 4*f - 2*f + t, -3699 = -3*x + 3*f. List the prime factors of x.
2, 617
Suppose -19*d = -8*d - 22. Suppose -3*v + 11 = d*k - 0*k, -5*k - 10 = 0. Suppose -v*t + 3*w = -641, 0 = 4*t - t + 3*w - 375. What are the prime factors of t?
127
Suppose 226411 = 16*s + 19627. What are the prime factors of s?
2, 3, 359
Suppose -11*i + 71 - 170 = 0. What are the prime factors of (459/2)/i*-42?
3, 7, 17
What are the prime factors of (10 - -28758) + -10 + -6?
2, 3, 599
Suppose 0 = -6*t - 51*t + 593997. What are the prime factors of t?
17, 613
Suppose -2574296 = 244*v - 17162812. What are the prime factors of v?
17, 3517
Let j be (30/25)/(3/(-130)). Let v = -49 - j. Suppose -179 = -2*a - k, -3*k = -a + v*a - 185. What are the prime factors of a?
2, 11
Let y = -89754 - -150170. What are the prime factors of y?
2, 59
Suppose x - 83 = -69. Suppose 0 = -x*s + 265 + 323. List the prime factors of s.
2, 3, 7
Let r(j) = -j**2 - 3*j + 60. Let i be r(-16). Let d = -36 - i. What are the prime factors of d?
2, 7
Let s be 6*(51/18 - 6/18). List the prime factors of 4*5/(-50) + 10101/s.
673
Let t be (-2)/(-8) + 2 + 7977/12. Suppose 3*c + 0*p = -p + t, 3*p = 4*c - 885. Suppose g + 4*m + 69 = 186, -4*m = 2*g - c. What are the prime factors of g?
3, 5, 7
Let d(p) = -p + 29. Let m be d(17). Let k = -20 + m. What are the prime factors of k*6/(-4) + -3?
3
Let t(a) = -a**2 - 22*a - 8. Let q(j) = j**3 + 3*j**2 + 3*j. Let d be q(-3). List the prime factors of t(d).
109
Let q = 696 + -91. Suppose -q*a + 4976 = -601*a. List the prime factors of a.
2, 311
Suppose 81*m + 3*c - 72710 = 76*m, -2*c = 5*m - 72710. List the prime factors of m.
2, 11, 661
Let p be 3 + (0 - -26)/(16/(-88)). What are the prime factors of ((-4470)/4)/3*p/175?
2, 149
Let l(y) = 6*y + 1 + 22*y + 53*y. Suppose -u + 58 = 57. List the prime factors of l(u).
2, 41
Let t(p) = -18*p + 42. Let q be t(9). Let m = q + 21. Let g = -91 - m. What are the prime factors of g?
2
What are the prime factors of (-2)/((-20)/(-15))*1/(24/(-360368))?
101, 223
Let u = -13050 + 24425. What are the prime factors of u?
5, 7, 13
Let y(u) = -89*u + 491. What are the prime factors of y(-16)?
5, 383
Let a(c) = -c**2 - 4*c + 11. Let n be a(-5). Let o(z) = 3*z**2 + 11*z - 11 - n*z**2 + 4*z**2. List the prime factors of o(-16).
3, 23
Suppose 5*i + 855 = 2315. Let t = i + -141. What are the prime factors of t?
151
Suppose 0 = 70*t - 69*t - 205. Suppose t = 5*r - 1040. What are the prime factors of r?
3, 83
Suppose -829*h = -821*h + 20424. Let m = h - -4099. List the prime factors of m.
2, 773
Let t(k) = k**3 + 12*k**2 + 8*k + 4. Let p(s) = s**3 + 8*s**2 - 8*s. Let u be p(-9). Let g be t(u). Let r = -110 + g. List the prime factors of r.
5, 13
List the prime factors of -115 + 119 + (1 - -1) + 23652.
2, 3, 3943
Suppose 0 = -10*l - 1321 - 1329. Let u = 376 + l. List the prime factors of u.
3, 37
Let k be 38/(-57) + (-62)/(-3). Let y be (-1)/(-4) + ((-2985)/k)/1. Let b = -12 - y. What are the prime factors of b?
137
List the prime factors of (-92*8/(-40))/((-4)/(-2170)).
2, 7, 23, 31
Let u(b) = -3*b**3 + 3*b**2 + 23*b - 59. List the prime factors of u(-15).
2, 23, 113
Let u(l) be the second derivative of -l**5/20 + l**4/6 + l**3 + 4*l**2 - 7*l. Let j be 0 - (5 + 1/(-1)). What are the prime factors of u(j)?
2, 5
Let x be (1 - 1) + 14823 + 9. Suppose -3252 = -12*n + x. List the prime factors of n.
11, 137
Suppose 4*o - 3*m = 22, -109*m + 111*m - 32 = -2*o. Let j(h) = 107*h. Let v be j(1). Let s = v - o. What are the prime factors of s?
97
Suppose -47*j + 346983 = -1648073. List the prime factors of j.
2, 7, 379
Suppose -39 = -3*o - 5*r, -7*r - 7 = -2*o - 4*r. What are the prime factors of (364/(-39))/(o/(-348))?
2, 7, 29
Let c(v) = 5*v - 10. Let p be c(3). Suppose 0 = -3*u - 4*z + 894, -p*z = 2*u - 936 + 347. What are the prime factors of u?
2, 151
Suppose 7 + 3 = 5*d, -3*m + d = 1445. Let p = 92 - m. Suppose g - 288 = -l + 4*l, -2*g + 5*l = -p. List the prime factors of g.
3, 31
Let q(f) = -2*f**3 + 7*f**2 + 8*f + 11. Let w = 156 - 161. What are the prime factors of q(w)?
2, 3, 11
Let t = 1699 + 15485. What are the prime factors of t?
2, 3, 179
What are the prime factors of (-524036)/(-18) - (1 + (-153)/81)?
2, 14557
Suppose -4*a + 924 = 4*s, 7*s - 12*s = -5*a + 1135. What are the prime factors of a?
229
Suppose 2*c + 3*r - 251 = -24, 9 = 3*r. Let v be 148/52 + 4/26. Suppose 2*d + c = 5*s, -v*d + 101 = -4*s + 8*s. What are the prime factors of s?
23
Suppose 0 = 3*y + 3, 4*l + 4*y + 519 = 3131. Suppose 0 = 60*x - 62*x + l. What are the prime factors of x?
3, 109
Let p(b) = 32560*b - 4373. List the prime factors of p(2).
3, 20249
Let g = 56281 + -1377. List the prime factors of g.
2, 6863
Let q(n) = -36*n**3 + 8*n**2 + 62*n - 81. List the prime factors of q(-12).
3, 5, 11, 379
Suppose 298 = 2*z - 384. Suppose -721 = 3*l - 4*c, 5*c - 476 = -12*l + 14*l. Let m = l + z. List the prime factors of m.
2, 7
Suppose 31*r - 38*r = -406. Suppose 0 = 2*s - 40 - r. List the prime factors of s.
7
Let f be (-482)/18 - -3 - 10/45. Let u(t) = 2*t**2 + 10*t + 149. What are the prime factors of u(f)?
1061
Let t be -12 - (-1 + (4 - (-8)/(-4))). Let c be (t/(-3))/((-8)/72). Let q = 64 + c. What are the prime factors of q?
5
Let n(o) = o**2 + 15*o + 47. Let z be n(-10). List the prime factors of z*(-48)/(-18) - -497.
3, 163
Let f be 3 + (-9 - 2) - -607. List the prime factors of (f - -27)/(2/5).
5, 313
Let b be (2/(-3))/((-1)/(-15)). Let j be (-4)/b - -46*32/20. Suppose 4*l - j - 567 = 5*m, m - 149 = -l. What are the prime factors of l?
2, 7, 11
What are the prime factors of 4/26 - ((-994488)/78 + -14 - 1)?
3, 5, 23, 37
Let w(b) = 2368*b - 462. What are the prime factors of w(5)?
2, 5689
Let d(m) = -3 + 5*m**3 - 19*m + 13*m**2 - 17 - 4*m**3. Suppose -4*r = 5*j + 90, -8 = 2*j - 5*r + r. List the prime factors of d(j).
2, 5
Suppose 3416 = -21*w + 59*w + 18*w. What are the prime factors of w?
61
Let q(m) = -10201*m**3 - 6*m**2 - 2*m + 4. List the prime factors of q(-1).
101
Let l(i) = -i**2 - 11*i - 15. Let m be l(-6). Suppose 1788 = m*g - 11*g. Suppose 149 = d + 4*h, -2*d - d - 5*h + g = 0. List the prime factors of d.
149
Let r be (-2)/3*108/(-8). Let g be (-4)/8*3/(r/(-534)). Suppose g + 267 = 4*y. What are the prime factors of y?
89
Let n(k) = k**3 - 3*k**2 - 2*k - 1. Let t be n(4). Let g(r) = 3*r - 16. Let q be g(t). List the prime factors of (-5)/2*(-372)/q.
2, 3, 31
Suppose 4*y - 132 = y. Let a = y - 47. What are the prime factors of ((-208)/(-12) - -4) + (-2)/a?
2, 11
Let g = -399 + 410. Suppose 14*w = -g*w + 19500. What are the prime factors of w?
2, 3, 5, 13
Suppose 0 = -0*z - z - 5. Suppose 4*q = -4*w + 48, 3*q - 200 + 182 = 0. Let r = w - z. List the prime factors of r.
11
Let d be 555/(-6)*(-28)/35. Let k = d - -91. List the prime factors of k.
3, 5, 11
Let f(z) = -23*z + 8. Let m be f(4). What are the prime factors of (-7)/m*-3*-1276?
11, 29
Suppose 0 = -i - 3*y + 61 - 348, -y - 289 = i. Let l 